[INFO] cloning repository https://github.com/ChrisWellsWood/tack-it-on
[INFO] running `Command { std: "git" "-c" "credential.helper=" "-c" "credential.helper=/workspace/cargo-home/bin/git-credential-null" "clone" "--bare" "https://github.com/ChrisWellsWood/tack-it-on" "/workspace/cache/git-repos/https%3A%2F%2Fgithub.com%2FChrisWellsWood%2Ftack-it-on", kill_on_drop: false }`
[INFO] [stderr] Cloning into bare repository '/workspace/cache/git-repos/https%3A%2F%2Fgithub.com%2FChrisWellsWood%2Ftack-it-on'...
[INFO] running `Command { std: "git" "rev-parse" "HEAD", kill_on_drop: false }`
[INFO] [stdout] c016b61c6a2ac8944e7beda7cb7a8661004fb702
[INFO] checking ChrisWellsWood/tack-it-on against try#72f88fc4e9458f89516a0b8b0868f3718aec5b47 for pr-74989
[INFO] running `Command { std: "git" "clone" "/workspace/cache/git-repos/https%3A%2F%2Fgithub.com%2FChrisWellsWood%2Ftack-it-on" "/workspace/builds/worker-8/source", kill_on_drop: false }`
[INFO] [stderr] Cloning into '/workspace/builds/worker-8/source'...
[INFO] [stderr] done.
[INFO] validating manifest of git repo https://github.com/ChrisWellsWood/tack-it-on on toolchain 72f88fc4e9458f89516a0b8b0868f3718aec5b47
[INFO] running `Command { std: "/workspace/cargo-home/bin/cargo" "+72f88fc4e9458f89516a0b8b0868f3718aec5b47" "read-manifest" "--manifest-path" "Cargo.toml", kill_on_drop: false }`
[INFO] started tweaking git repo https://github.com/ChrisWellsWood/tack-it-on
[INFO] finished tweaking git repo https://github.com/ChrisWellsWood/tack-it-on
[INFO] tweaked toml for git repo https://github.com/ChrisWellsWood/tack-it-on written to /workspace/builds/worker-8/source/Cargo.toml
[INFO] crate git repo https://github.com/ChrisWellsWood/tack-it-on already has a lockfile, it will not be regenerated
[INFO] running `Command { std: "/workspace/cargo-home/bin/cargo" "+72f88fc4e9458f89516a0b8b0868f3718aec5b47" "fetch" "--locked" "--manifest-path" "Cargo.toml", kill_on_drop: false }`
[INFO] [stderr]  Downloading crates ...
[INFO] [stderr]   Downloaded subprocess v0.1.13
[INFO] running `Command { std: "docker" "create" "-v" "/var/lib/crater-agent-workspace/builds/worker-8/target:/opt/rustwide/target:rw,Z" "-v" "/var/lib/crater-agent-workspace/builds/worker-8/source:/opt/rustwide/workdir:ro,Z" "-v" "/var/lib/crater-agent-workspace/cargo-home:/opt/rustwide/cargo-home:ro,Z" "-v" "/var/lib/crater-agent-workspace/rustup-home:/opt/rustwide/rustup-home:ro,Z" "-e" "SOURCE_DIR=/opt/rustwide/workdir" "-e" "CARGO_TARGET_DIR=/opt/rustwide/target" "-e" "CARGO_HOME=/opt/rustwide/cargo-home" "-e" "RUSTUP_HOME=/opt/rustwide/rustup-home" "-w" "/opt/rustwide/workdir" "-m" "1610612736" "--user" "0:0" "--network" "none" "rustops/crates-build-env@sha256:d92eaeed33fa75130ca1ee6c8a01d1ffb62bac859dfdfb3450e3e5d1c0146529" "/opt/rustwide/cargo-home/bin/cargo" "+72f88fc4e9458f89516a0b8b0868f3718aec5b47" "metadata" "--no-deps" "--format-version=1", kill_on_drop: false }`
[INFO] [stdout] 40cb549154c4db27c88e120e17da7caaf952f81c42e6dac11cf58fca2abc9eab
[INFO] [stderr] WARNING: Your kernel does not support swap limit capabilities or the cgroup is not mounted. Memory limited without swap.
[INFO] running `Command { std: "docker" "start" "-a" "40cb549154c4db27c88e120e17da7caaf952f81c42e6dac11cf58fca2abc9eab", kill_on_drop: false }`
[INFO] running `Command { std: "docker" "inspect" "40cb549154c4db27c88e120e17da7caaf952f81c42e6dac11cf58fca2abc9eab", kill_on_drop: false }`
[INFO] running `Command { std: "docker" "rm" "-f" "40cb549154c4db27c88e120e17da7caaf952f81c42e6dac11cf58fca2abc9eab", kill_on_drop: false }`
[INFO] [stdout] 40cb549154c4db27c88e120e17da7caaf952f81c42e6dac11cf58fca2abc9eab
[INFO] running `Command { std: "docker" "create" "-v" "/var/lib/crater-agent-workspace/builds/worker-8/target:/opt/rustwide/target:rw,Z" "-v" "/var/lib/crater-agent-workspace/builds/worker-8/source:/opt/rustwide/workdir:ro,Z" "-v" "/var/lib/crater-agent-workspace/cargo-home:/opt/rustwide/cargo-home:ro,Z" "-v" "/var/lib/crater-agent-workspace/rustup-home:/opt/rustwide/rustup-home:ro,Z" "-e" "SOURCE_DIR=/opt/rustwide/workdir" "-e" "CARGO_TARGET_DIR=/opt/rustwide/target" "-e" "CARGO_INCREMENTAL=0" "-e" "RUST_BACKTRACE=full" "-e" "RUSTFLAGS=--cap-lints=forbid" "-e" "CARGO_HOME=/opt/rustwide/cargo-home" "-e" "RUSTUP_HOME=/opt/rustwide/rustup-home" "-w" "/opt/rustwide/workdir" "-m" "1610612736" "--user" "0:0" "--network" "none" "rustops/crates-build-env@sha256:d92eaeed33fa75130ca1ee6c8a01d1ffb62bac859dfdfb3450e3e5d1c0146529" "/opt/rustwide/cargo-home/bin/cargo" "+72f88fc4e9458f89516a0b8b0868f3718aec5b47" "check" "--frozen" "--all" "--all-targets" "--message-format=json", kill_on_drop: false }`
[INFO] [stdout] 805ec095dad80a066c32234e403e581bf9ac210fb9382f9d0d64dd0a835fb4e6
[INFO] [stderr] WARNING: Your kernel does not support swap limit capabilities or the cgroup is not mounted. Memory limited without swap.
[INFO] running `Command { std: "docker" "start" "-a" "805ec095dad80a066c32234e403e581bf9ac210fb9382f9d0d64dd0a835fb4e6", kill_on_drop: false }`
[INFO] [stderr]     Checking libc v0.2.31
[INFO] [stderr]     Checking num-traits v0.1.40
[INFO] [stderr]    Compiling unicode-xid v0.0.4
[INFO] [stderr]    Compiling quote v0.3.15
[INFO] [stderr]     Checking rand_core v0.2.1
[INFO] [stderr]     Checking serde v1.0.15
[INFO] [stderr]     Checking unicode-width v0.1.4
[INFO] [stderr]     Checking dtoa v0.4.2
[INFO] [stderr]     Checking remove_dir_all v0.5.1
[INFO] [stderr]     Checking itoa v0.3.4
[INFO] [stderr]     Checking bitflags v0.9.1
[INFO] [stderr]     Checking vec_map v0.8.0
[INFO] [stderr]     Checking glob v0.2.11
[INFO] [stderr]     Checking text_io v0.1.6
[INFO] [stderr]    Compiling synom v0.11.3
[INFO] [stderr]    Compiling syn v0.11.11
[INFO] [stderr]     Checking term_size v0.3.0
[INFO] [stderr]     Checking atty v0.2.3
[INFO] [stderr]     Checking rand v0.5.4
[INFO] [stderr]     Checking rand v0.3.17
[INFO] [stderr]     Checking time v0.1.38
[INFO] [stderr]     Checking subprocess v0.1.13
[INFO] [stderr]     Checking num-integer v0.1.35
[INFO] [stderr]     Checking textwrap v0.8.0
[INFO] [stderr]     Checking clap v2.26.2
[INFO] [stderr]     Checking num-iter v0.1.34
[INFO] [stderr]     Checking num v0.1.40
[INFO] [stderr]     Checking tempdir v0.3.5
[INFO] [stderr]    Compiling serde_derive_internals v0.16.0
[INFO] [stderr]     Checking tempfile v3.0.3
[INFO] [stderr]    Compiling serde_derive v1.0.15
[INFO] [stderr]     Checking chrono v0.4.0
[INFO] [stderr]     Checking serde_json v1.0.3
[INFO] [stderr]     Checking tack-it-on v1.0.1 (/opt/rustwide/workdir)
[INFO] [stdout] warning: trait objects without an explicit `dyn` are deprecated
[INFO] [stdout]   --> src/init.rs:17:37
[INFO] [stdout]    |
[INFO] [stdout] 17 | pub fn run_init() -> Result<(), Box<Error>> {
[INFO] [stdout]    |                                     ^^^^^ help: use `dyn`: `dyn Error`
[INFO] [stdout]    |
[INFO] [stdout]    = note: `#[warn(bare_trait_objects)]` on by default
[INFO] [stdout] 
[INFO] [stdout] 
[INFO] [stdout] warning: trait objects without an explicit `dyn` are deprecated
[INFO] [stdout]   --> src/init.rs:37:72
[INFO] [stdout]    |
[INFO] [stdout] 37 | pub fn find_tacked_notes(dir: &PathBuf) -> Result<Option<PathBuf>, Box<Error>> {
[INFO] [stdout]    |                                                                        ^^^^^ help: use `dyn`: `dyn Error`
[INFO] [stdout] 
[INFO] [stdout] 
[INFO] [stdout] warning: trait objects without an explicit `dyn` are deprecated
[INFO] [stdout]   --> src/note.rs:98:61
[INFO] [stdout]    |
[INFO] [stdout] 98 | pub fn run_note(input: &clap::ArgMatches) -> Result<(), Box<Error>> {
[INFO] [stdout]    |                                                             ^^^^^ help: use `dyn`: `dyn Error`
[INFO] [stdout] 
[INFO] [stdout] 
[INFO] [stdout] warning: trait objects without an explicit `dyn` are deprecated
[INFO] [stdout]    --> src/note.rs:141:52
[INFO] [stdout]     |
[INFO] [stdout] 141 | fn get_content_from_editor() -> Result<String, Box<Error>> {
[INFO] [stdout]     |                                                    ^^^^^ help: use `dyn`: `dyn Error`
[INFO] [stdout] 
[INFO] [stdout] 
[INFO] [stdout] warning: trait objects without an explicit `dyn` are deprecated
[INFO] [stdout]    --> src/note.rs:161:21
[INFO] [stdout]     |
[INFO] [stdout] 161 | ) -> Result<(), Box<Error>> {
[INFO] [stdout]     |                     ^^^^^ help: use `dyn`: `dyn Error`
[INFO] [stdout] 
[INFO] [stdout] 
[INFO] [stdout] warning: trait objects without an explicit `dyn` are deprecated
[INFO] [stdout]    --> src/note.rs:179:76
[INFO] [stdout]     |
[INFO] [stdout] 179 | pub fn get_notes(tacked_dir: &PathBuf) -> Result<(PathBuf, Vec<Note>), Box<Error>> {
[INFO] [stdout]     |                                                                            ^^^^^ help: use `dyn`: `dyn Error`
[INFO] [stdout] 
[INFO] [stdout] 
[INFO] [stdout] warning: trait objects without an explicit `dyn` are deprecated
[INFO] [stdout]    --> src/note.rs:199:34
[INFO] [stdout]     |
[INFO] [stdout] 199 | ) -> Result<Option<PathBuf>, Box<Error>> {
[INFO] [stdout]     |                                  ^^^^^ help: use `dyn`: `dyn Error`
[INFO] [stdout] 
[INFO] [stdout] 
[INFO] [stdout] warning: trait objects without an explicit `dyn` are deprecated
[INFO] [stdout]    --> src/note.rs:229:78
[INFO] [stdout]     |
[INFO] [stdout] 229 | pub fn save_notes(notes: &Vec<Note>, notes_path: &PathBuf) -> Result<(), Box<Error>> {
[INFO] [stdout]     |                                                                              ^^^^^ help: use `dyn`: `dyn Error`
[INFO] [stdout] 
[INFO] [stdout] 
[INFO] [stdout] warning: trait objects without an explicit `dyn` are deprecated
[INFO] [stdout]   --> src/rm.rs:12:59
[INFO] [stdout]    |
[INFO] [stdout] 12 | pub fn run_rm(input: &clap::ArgMatches) -> Result<(), Box<Error>> {
[INFO] [stdout]    |                                                           ^^^^^ help: use `dyn`: `dyn Error`
[INFO] [stdout] 
[INFO] [stdout] 
[INFO] [stdout] warning: trait objects without an explicit `dyn` are deprecated
[INFO] [stdout]   --> src/rm.rs:29:66
[INFO] [stdout]    |
[INFO] [stdout] 29 | fn remove_note(id: &str, tacked_dir: &PathBuf) -> Result<(), Box<Error>> {
[INFO] [stdout]    |                                                                  ^^^^^ help: use `dyn`: `dyn Error`
[INFO] [stdout] 
[INFO] [stdout] 
[INFO] [stdout] warning: trait objects without an explicit `dyn` are deprecated
[INFO] [stdout]   --> src/show.rs:12:61
[INFO] [stdout]    |
[INFO] [stdout] 12 | pub fn run_show(input: &clap::ArgMatches) -> Result<(), Box<Error>> {
[INFO] [stdout]    |                                                             ^^^^^ help: use `dyn`: `dyn Error`
[INFO] [stdout] 
[INFO] [stdout] 
[INFO] [stdout] warning: trait objects without an explicit `dyn` are deprecated
[INFO] [stdout]   --> src/show.rs:35:21
[INFO] [stdout]    |
[INFO] [stdout] 35 | ) -> Result<(), Box<Error>> {
[INFO] [stdout]    |                     ^^^^^ help: use `dyn`: `dyn Error`
[INFO] [stdout] 
[INFO] [stdout] 
[INFO] [stdout] warning: trait objects without an explicit `dyn` are deprecated
[INFO] [stdout]   --> src/lib.rs:26:32
[INFO] [stdout]    |
[INFO] [stdout] 26 | pub fn run() -> Result<(), Box<Error>> {
[INFO] [stdout]    |                                ^^^^^ help: use `dyn`: `dyn Error`
[INFO] [stdout] 
[INFO] [stdout] 
[INFO] [stdout] warning: trait objects without an explicit `dyn` are deprecated
[INFO] [stdout]   --> src/init.rs:17:37
[INFO] [stdout]    |
[INFO] [stdout] 17 | pub fn run_init() -> Result<(), Box<Error>> {
[INFO] [stdout]    |                                     ^^^^^ help: use `dyn`: `dyn Error`
[INFO] [stdout]    |
[INFO] [stdout]    = note: `#[warn(bare_trait_objects)]` on by default
[INFO] [stdout] 
[INFO] [stdout] 
[INFO] [stdout] warning: trait objects without an explicit `dyn` are deprecated
[INFO] [stdout]   --> src/init.rs:37:72
[INFO] [stdout]    |
[INFO] [stdout] 37 | pub fn find_tacked_notes(dir: &PathBuf) -> Result<Option<PathBuf>, Box<Error>> {
[INFO] [stdout]    |                                                                        ^^^^^ help: use `dyn`: `dyn Error`
[INFO] [stdout] 
[INFO] [stdout] 
[INFO] [stdout] warning: trait objects without an explicit `dyn` are deprecated
[INFO] [stdout]   --> src/note.rs:98:61
[INFO] [stdout]    |
[INFO] [stdout] 98 | pub fn run_note(input: &clap::ArgMatches) -> Result<(), Box<Error>> {
[INFO] [stdout]    |                                                             ^^^^^ help: use `dyn`: `dyn Error`
[INFO] [stdout] 
[INFO] [stdout] 
[INFO] [stdout] warning: trait objects without an explicit `dyn` are deprecated
[INFO] [stdout]    --> src/note.rs:141:52
[INFO] [stdout]     |
[INFO] [stdout] 141 | fn get_content_from_editor() -> Result<String, Box<Error>> {
[INFO] [stdout]     |                                                    ^^^^^ help: use `dyn`: `dyn Error`
[INFO] [stdout] 
[INFO] [stdout] 
[INFO] [stdout] warning: trait objects without an explicit `dyn` are deprecated
[INFO] [stdout]    --> src/note.rs:161:21
[INFO] [stdout]     |
[INFO] [stdout] 161 | ) -> Result<(), Box<Error>> {
[INFO] [stdout]     |                     ^^^^^ help: use `dyn`: `dyn Error`
[INFO] [stdout] 
[INFO] [stdout] 
[INFO] [stdout] warning: trait objects without an explicit `dyn` are deprecated
[INFO] [stdout]    --> src/note.rs:179:76
[INFO] [stdout]     |
[INFO] [stdout] 179 | pub fn get_notes(tacked_dir: &PathBuf) -> Result<(PathBuf, Vec<Note>), Box<Error>> {
[INFO] [stdout]     |                                                                            ^^^^^ help: use `dyn`: `dyn Error`
[INFO] [stdout] 
[INFO] [stdout] 
[INFO] [stdout] warning: trait objects without an explicit `dyn` are deprecated
[INFO] [stdout]    --> src/note.rs:199:34
[INFO] [stdout]     |
[INFO] [stdout] 199 | ) -> Result<Option<PathBuf>, Box<Error>> {
[INFO] [stdout]     |                                  ^^^^^ help: use `dyn`: `dyn Error`
[INFO] [stdout] 
[INFO] [stdout] 
[INFO] [stdout] warning: trait objects without an explicit `dyn` are deprecated
[INFO] [stdout]    --> src/note.rs:229:78
[INFO] [stdout]     |
[INFO] [stdout] 229 | pub fn save_notes(notes: &Vec<Note>, notes_path: &PathBuf) -> Result<(), Box<Error>> {
[INFO] [stdout]     |                                                                              ^^^^^ help: use `dyn`: `dyn Error`
[INFO] [stdout] 
[INFO] [stdout] 
[INFO] [stdout] warning: trait objects without an explicit `dyn` are deprecated
[INFO] [stdout]   --> src/rm.rs:12:59
[INFO] [stdout]    |
[INFO] [stdout] 12 | pub fn run_rm(input: &clap::ArgMatches) -> Result<(), Box<Error>> {
[INFO] [stdout]    |                                                           ^^^^^ help: use `dyn`: `dyn Error`
[INFO] [stdout] 
[INFO] [stdout] 
[INFO] [stdout] warning: trait objects without an explicit `dyn` are deprecated
[INFO] [stdout]   --> src/rm.rs:29:66
[INFO] [stdout]    |
[INFO] [stdout] 29 | fn remove_note(id: &str, tacked_dir: &PathBuf) -> Result<(), Box<Error>> {
[INFO] [stdout]    |                                                                  ^^^^^ help: use `dyn`: `dyn Error`
[INFO] [stdout] 
[INFO] [stdout] 
[INFO] [stdout] warning: trait objects without an explicit `dyn` are deprecated
[INFO] [stdout]   --> src/show.rs:12:61
[INFO] [stdout]    |
[INFO] [stdout] 12 | pub fn run_show(input: &clap::ArgMatches) -> Result<(), Box<Error>> {
[INFO] [stdout]    |                                                             ^^^^^ help: use `dyn`: `dyn Error`
[INFO] [stdout] 
[INFO] [stdout] 
[INFO] [stdout] warning: trait objects without an explicit `dyn` are deprecated
[INFO] [stdout]   --> src/show.rs:35:21
[INFO] [stdout]    |
[INFO] [stdout] 35 | ) -> Result<(), Box<Error>> {
[INFO] [stdout]    |                     ^^^^^ help: use `dyn`: `dyn Error`
[INFO] [stdout] 
[INFO] [stdout] 
[INFO] [stdout] warning: trait objects without an explicit `dyn` are deprecated
[INFO] [stdout]   --> src/lib.rs:26:32
[INFO] [stdout]    |
[INFO] [stdout] 26 | pub fn run() -> Result<(), Box<Error>> {
[INFO] [stdout]    |                                ^^^^^ help: use `dyn`: `dyn Error`
[INFO] [stdout] 
[INFO] [stdout] 
[INFO] [stdout] error[E0061]: this function takes 4 arguments but 3 arguments were supplied
[INFO] [stdout]    --> src/note.rs:254:9
[INFO] [stdout]     |
[INFO] [stdout] 156 | / pub fn create_note(
[INFO] [stdout] 157 | |     content: String,
[INFO] [stdout] 158 | |     maybe_on: Option<&str>,
[INFO] [stdout] 159 | |     maybe_todo: Option<(i8, bool)>,
[INFO] [stdout] 160 | |     tacked_dir: &PathBuf,
[INFO] [stdout] 161 | | ) -> Result<(), Box<Error>> {
[INFO] [stdout]     | |___________________________- defined here
[INFO] [stdout] ...
[INFO] [stdout] 254 |           create_note(content.clone(), maybe_on, &tacked_path).unwrap();
[INFO] [stdout]     |           ^^^^^^^^^^^ ---------------  --------  ------------ supplied 3 arguments
[INFO] [stdout]     |           |
[INFO] [stdout]     |           expected 4 arguments
[INFO] [stdout] 
[INFO] [stdout] 
[INFO] [stdout] error[E0061]: this function takes 4 arguments but 3 arguments were supplied
[INFO] [stdout]    --> src/rm.rs:73:9
[INFO] [stdout]     |
[INFO] [stdout] 73  |           create_note(content.clone(), maybe_on, &tacked_path).unwrap();
[INFO] [stdout]     |           ^^^^^^^^^^^ ---------------  --------  ------------ supplied 3 arguments
[INFO] [stdout]     |           |
[INFO] [stdout]     |           expected 4 arguments
[INFO] [stdout]     | 
[INFO] [stdout]    ::: src/note.rs:156:1
[INFO] [stdout]     |
[INFO] [stdout] 156 | / pub fn create_note(
[INFO] [stdout] 157 | |     content: String,
[INFO] [stdout] 158 | |     maybe_on: Option<&str>,
[INFO] [stdout] 159 | |     maybe_todo: Option<(i8, bool)>,
[INFO] [stdout] 160 | |     tacked_dir: &PathBuf,
[INFO] [stdout] 161 | | ) -> Result<(), Box<Error>> {
[INFO] [stdout]     | |___________________________- defined here
[INFO] [stdout] 
[INFO] [stdout] 
[INFO] [stdout] error[E0061]: this function takes 4 arguments but 3 arguments were supplied
[INFO] [stdout]    --> src/show.rs:90:9
[INFO] [stdout]     |
[INFO] [stdout] 90  |           create_note(content.clone(), maybe_on, &tacked_path).unwrap();
[INFO] [stdout]     |           ^^^^^^^^^^^ ---------------  --------  ------------ supplied 3 arguments
[INFO] [stdout]     |           |
[INFO] [stdout]     |           expected 4 arguments
[INFO] [stdout]     | 
[INFO] [stdout]    ::: src/note.rs:156:1
[INFO] [stdout]     |
[INFO] [stdout] 156 | / pub fn create_note(
[INFO] [stdout] 157 | |     content: String,
[INFO] [stdout] 158 | |     maybe_on: Option<&str>,
[INFO] [stdout] 159 | |     maybe_todo: Option<(i8, bool)>,
[INFO] [stdout] 160 | |     tacked_dir: &PathBuf,
[INFO] [stdout] 161 | | ) -> Result<(), Box<Error>> {
[INFO] [stdout]     | |___________________________- defined here
[INFO] [stdout] 
[INFO] [stdout] 
[INFO] [stdout] error[E0061]: this function takes 4 arguments but 3 arguments were supplied
[INFO] [stdout]   --> src/show.rs:91:9
[INFO] [stdout]    |
[INFO] [stdout] 30 | / fn show_notes(
[INFO] [stdout] 31 | |     maybe_on: Option<&str>,
[INFO] [stdout] 32 | |     oneline: bool,
[INFO] [stdout] 33 | |     todo: bool,
[INFO] [stdout] 34 | |     tacked_dir: &PathBuf,
[INFO] [stdout] 35 | | ) -> Result<(), Box<Error>> {
[INFO] [stdout]    | |___________________________- defined here
[INFO] [stdout] ...
[INFO] [stdout] 91 |           show_notes(maybe_on, todo, &tacked_path).unwrap();
[INFO] [stdout]    |           ^^^^^^^^^^ --------  ----  ------------ supplied 3 arguments
[INFO] [stdout]    |           |
[INFO] [stdout]    |           expected 4 arguments
[INFO] [stdout] 
[INFO] [stdout] 
[INFO] [stdout] error: aborting due to 4 previous errors; 13 warnings emitted
[INFO] [stdout] 
[INFO] [stdout] 
[INFO] [stdout] For more information about this error, try `rustc --explain E0061`.
[INFO] [stdout] 
[INFO] [stderr] error: could not compile `tack-it-on`.
[INFO] [stderr] 
[INFO] [stderr] To learn more, run the command again with --verbose.
[INFO] [stderr] warning: build failed, waiting for other jobs to finish...
[INFO] [stdout] warning: 13 warnings emitted
[INFO] [stdout] 
[INFO] [stdout] 
[INFO] [stderr] error: build failed
[INFO] running `Command { std: "docker" "inspect" "805ec095dad80a066c32234e403e581bf9ac210fb9382f9d0d64dd0a835fb4e6", kill_on_drop: false }`
[INFO] running `Command { std: "docker" "rm" "-f" "805ec095dad80a066c32234e403e581bf9ac210fb9382f9d0d64dd0a835fb4e6", kill_on_drop: false }`
[INFO] [stdout] 805ec095dad80a066c32234e403e581bf9ac210fb9382f9d0d64dd0a835fb4e6
